[INFO] cloning repository https://github.com/zurp/git-service
[INFO] running `Command { std: "git" "-c" "credential.helper=" "-c" "credential.helper=/workspace/cargo-home/bin/git-credential-null" "clone" "--bare" "https://github.com/zurp/git-service" "/workspace/cache/git-repos/https%3A%2F%2Fgithub.com%2Fzurp%2Fgit-service", kill_on_drop: false }`
[INFO] [stderr] Cloning into bare repository '/workspace/cache/git-repos/https%3A%2F%2Fgithub.com%2Fzurp%2Fgit-service'...
[INFO] running `Command { std: "git" "rev-parse" "HEAD", kill_on_drop: false }`
[INFO] [stdout] 9c76efe8569d67d4c04e3ac1856225802b2becfc
[INFO] checking zurp/git-service against master#af3c6e733a40e671550e0f0f5aeecaa13772ba56 for pr-74989
[INFO] running `Command { std: "git" "clone" "/workspace/cache/git-repos/https%3A%2F%2Fgithub.com%2Fzurp%2Fgit-service" "/workspace/builds/worker-2/source", kill_on_drop: false }`
[INFO] [stderr] Cloning into '/workspace/builds/worker-2/source'...
[INFO] [stderr] done.
[INFO] validating manifest of git repo https://github.com/zurp/git-service on toolchain af3c6e733a40e671550e0f0f5aeecaa13772ba56
[INFO] running `Command { std: "/workspace/cargo-home/bin/cargo" "+af3c6e733a40e671550e0f0f5aeecaa13772ba56" "read-manifest" "--manifest-path" "Cargo.toml", kill_on_drop: false }`
[INFO] started tweaking git repo https://github.com/zurp/git-service
[INFO] finished tweaking git repo https://github.com/zurp/git-service
[INFO] tweaked toml for git repo https://github.com/zurp/git-service written to /workspace/builds/worker-2/source/Cargo.toml
[INFO] crate git repo https://github.com/zurp/git-service already has a lockfile, it will not be regenerated
[INFO] running `Command { std: "/workspace/cargo-home/bin/cargo" "+af3c6e733a40e671550e0f0f5aeecaa13772ba56" "fetch" "--locked" "--manifest-path" "Cargo.toml", kill_on_drop: false }`
[INFO] running `Command { std: "docker" "create" "-v" "/var/lib/crater-agent-workspace/builds/worker-2/target:/opt/rustwide/target:rw,Z" "-v" "/var/lib/crater-agent-workspace/builds/worker-2/source:/opt/rustwide/workdir:ro,Z" "-v" "/var/lib/crater-agent-workspace/cargo-home:/opt/rustwide/cargo-home:ro,Z" "-v" "/var/lib/crater-agent-workspace/rustup-home:/opt/rustwide/rustup-home:ro,Z" "-e" "SOURCE_DIR=/opt/rustwide/workdir" "-e" "CARGO_TARGET_DIR=/opt/rustwide/target" "-e" "CARGO_HOME=/opt/rustwide/cargo-home" "-e" "RUSTUP_HOME=/opt/rustwide/rustup-home" "-w" "/opt/rustwide/workdir" "-m" "1610612736" "--user" "0:0" "--network" "none" "rustops/crates-build-env@sha256:d92eaeed33fa75130ca1ee6c8a01d1ffb62bac859dfdfb3450e3e5d1c0146529" "/opt/rustwide/cargo-home/bin/cargo" "+af3c6e733a40e671550e0f0f5aeecaa13772ba56" "metadata" "--no-deps" "--format-version=1", kill_on_drop: false }`
[INFO] [stdout] 6f1bfd849cf15486169ed8b2c9116d7f034551686b4ddc544cfe56ab28dbb900
[INFO] [stderr] WARNING: Your kernel does not support swap limit capabilities or the cgroup is not mounted. Memory limited without swap.
[INFO] running `Command { std: "docker" "start" "-a" "6f1bfd849cf15486169ed8b2c9116d7f034551686b4ddc544cfe56ab28dbb900", kill_on_drop: false }`
[INFO] running `Command { std: "docker" "inspect" "6f1bfd849cf15486169ed8b2c9116d7f034551686b4ddc544cfe56ab28dbb900", kill_on_drop: false }`
[INFO] running `Command { std: "docker" "rm" "-f" "6f1bfd849cf15486169ed8b2c9116d7f034551686b4ddc544cfe56ab28dbb900", kill_on_drop: false }`
[INFO] [stdout] 6f1bfd849cf15486169ed8b2c9116d7f034551686b4ddc544cfe56ab28dbb900
[INFO] running `Command { std: "docker" "create" "-v" "/var/lib/crater-agent-workspace/builds/worker-2/target:/opt/rustwide/target:rw,Z" "-v" "/var/lib/crater-agent-workspace/builds/worker-2/source:/opt/rustwide/workdir:ro,Z" "-v" "/var/lib/crater-agent-workspace/cargo-home:/opt/rustwide/cargo-home:ro,Z" "-v" "/var/lib/crater-agent-workspace/rustup-home:/opt/rustwide/rustup-home:ro,Z" "-e" "SOURCE_DIR=/opt/rustwide/workdir" "-e" "CARGO_TARGET_DIR=/opt/rustwide/target" "-e" "CARGO_INCREMENTAL=0" "-e" "RUST_BACKTRACE=full" "-e" "RUSTFLAGS=--cap-lints=forbid" "-e" "CARGO_HOME=/opt/rustwide/cargo-home" "-e" "RUSTUP_HOME=/opt/rustwide/rustup-home" "-w" "/opt/rustwide/workdir" "-m" "1610612736" "--user" "0:0" "--network" "none" "rustops/crates-build-env@sha256:d92eaeed33fa75130ca1ee6c8a01d1ffb62bac859dfdfb3450e3e5d1c0146529" "/opt/rustwide/cargo-home/bin/cargo" "+af3c6e733a40e671550e0f0f5aeecaa13772ba56" "check" "--frozen" "--all" "--all-targets" "--message-format=json", kill_on_drop: false }`
[INFO] [stdout] ae5dd22afff914936bb304587d9585b79b415d6dd9fb7de4b6141b40c6281f46
[INFO] [stderr] WARNING: Your kernel does not support swap limit capabilities or the cgroup is not mounted. Memory limited without swap.
[INFO] running `Command { std: "docker" "start" "-a" "ae5dd22afff914936bb304587d9585b79b415d6dd9fb7de4b6141b40c6281f46", kill_on_drop: false }`
[INFO] [stderr]     Blocking waiting for file lock on package cache
[INFO] [stderr]    Compiling libc v0.2.62
[INFO] [stderr]    Compiling log v0.4.8
[INFO] [stderr]    Compiling semver-parser v0.7.0
[INFO] [stderr]    Compiling autocfg v0.1.6
[INFO] [stderr]     Checking lazy_static v1.4.0
[INFO] [stderr]     Checking futures v0.1.29
[INFO] [stderr]     Checking either v1.5.3
[INFO] [stderr]     Checking smallvec v0.6.10
[INFO] [stderr]    Compiling arrayvec v0.4.11
[INFO] [stderr]     Checking nodrop v0.1.13
[INFO] [stderr]    Compiling memchr v2.2.1
[INFO] [stderr]    Compiling unicode-xid v0.2.0
[INFO] [stderr]    Compiling unicode-xid v0.1.0
[INFO] [stderr]     Checking itoa v0.4.4
[INFO] [stderr]    Compiling syn v1.0.5
[INFO] [stderr]     Checking matches v0.1.8
[INFO] [stderr]    Compiling ryu v1.0.0
[INFO] [stderr]    Compiling bitflags v1.2.0
[INFO] [stderr]     Checking regex-syntax v0.6.12
[INFO] [stderr]    Compiling httparse v1.3.4
[INFO] [stderr]     Checking rustc-demangle v0.1.16
[INFO] [stderr]     Checking percent-encoding v2.1.0
[INFO] [stderr]     Checking indexmap v1.2.0
[INFO] [stderr]     Checking termcolor v1.0.5
[INFO] [stderr]     Checking openssl-probe v0.1.2
[INFO] [stderr]     Checking unicode-bidi v0.3.4
[INFO] [stderr]     Checking crossbeam-utils v0.6.6
[INFO] [stderr]     Checking thread_local v0.3.6
[INFO] [stderr]     Checking humantime v1.3.0
[INFO] [stderr]    Compiling semver v0.9.0
[INFO] [stderr]     Checking unicode-normalization v0.1.8
[INFO] [stderr]    Compiling proc-macro2 v0.4.30
[INFO] [stderr]    Compiling proc-macro2 v1.0.5
[INFO] [stderr]    Compiling num-traits v0.2.8
[INFO] [stderr]    Compiling num-integer v0.1.41
[INFO] [stderr]     Checking crossbeam-queue v0.1.2
[INFO] [stderr]    Compiling rustc_version v0.2.3
[INFO] [stderr]    Compiling quote v0.6.13
[INFO] [stderr]    Compiling quote v1.0.2
[INFO] [stderr]     Checking aho-corasick v0.7.6
[INFO] [stderr]    Compiling syn v0.15.44
[INFO] [stderr]     Checking iovec v0.1.2
[INFO] [stderr]     Checking num_cpus v1.10.1
[INFO] [stderr]     Checking net2 v0.2.33
[INFO] [stderr]     Checking time v0.1.42
[INFO] [stderr]     Checking atty v0.2.13
[INFO] [stderr]    Compiling jobserver v0.1.17
[INFO] [stderr]    Compiling parking_lot_core v0.6.2
[INFO] [stderr]    Compiling memoffset v0.5.1
[INFO] [stderr]    Compiling parking_lot v0.9.0
[INFO] [stderr]    Compiling hyper v0.12.35
[INFO] [stderr]     Checking bytes v0.4.12
[INFO] [stderr]     Checking tokio-executor v0.1.8
[INFO] [stderr]     Checking tokio-sync v0.1.6
[INFO] [stderr]     Checking futures-cpupool v0.1.8
[INFO] [stderr]     Checking want v0.2.0
[INFO] [stderr]    Compiling cc v1.0.45
[INFO] [stderr]     Checking mio v0.6.19
[INFO] [stderr]     Checking idna v0.2.0
[INFO] [stderr]     Checking tokio-timer v0.2.11
[INFO] [stderr]     Checking tokio-current-thread v0.1.6
[INFO] [stderr]     Checking crossbeam-epoch v0.7.2
[INFO] [stderr]     Checking tokio-io v0.1.12
[INFO] [stderr]     Checking http v0.1.18
[INFO] [stderr]     Checking tokio-buf v0.1.1
[INFO] [stderr]     Checking string v0.2.1
[INFO] [stderr]     Checking chrono v0.4.9
[INFO] [stderr]     Checking crossbeam-deque v0.7.1
[INFO] [stderr]     Checking regex v1.3.1
[INFO] [stderr]     Checking url v2.1.0
[INFO] [stderr]     Checking tokio-reactor v0.1.10
[INFO] [stderr]     Checking tokio-threadpool v0.1.16
[INFO] [stderr]    Compiling libz-sys v1.0.25
[INFO] [stderr]    Compiling openssl-sys v0.9.50
[INFO] [stderr]    Compiling libssh2-sys v0.2.12
[INFO] [stderr]    Compiling backtrace-sys v0.1.31
[INFO] [stderr]    Compiling libgit2-sys v0.9.1
[INFO] [stderr]     Checking tokio-tcp v0.1.3
[INFO] [stderr]     Checking tokio v0.1.22
[INFO] [stderr]     Checking env_logger v0.6.2
[INFO] [stderr]     Checking backtrace v0.3.38
[INFO] [stderr]     Checking pretty_env_logger v0.3.1
[INFO] [stderr]     Checking http-body v0.1.0
[INFO] [stderr]     Checking h2 v0.1.26
[INFO] [stderr]    Compiling synstructure v0.10.2
[INFO] [stderr]    Compiling serde_derive v1.0.101
[INFO] [stderr]    Compiling failure_derive v0.1.5
[INFO] [stderr]     Checking failure v0.1.5
[INFO] [stderr]     Checking git2 v0.10.1
[INFO] [stderr]     Checking serde v1.0.101
[INFO] [stderr]     Checking serde_json v1.0.41
[INFO] [stderr]     Checking git-service v0.1.0 (/opt/rustwide/workdir)
[INFO] [stdout] error: $GIT_SERVICE_REPO_URL not found
[INFO] [stdout]   --> src/main.rs:20:15
[INFO] [stdout]    |
[INFO] [stdout] 20 |     let url = env!("GIT_SERVICE_REPO_URL", "$GIT_SERVICE_REPO_URL not found");
[INFO] [stdout]    |               ^^^^^^^^^^^^^^^^^^^^^^^^^^^^^^^^^^^^^^^^^^^^^^^^^^^^^^^^^^^^^^^
[INFO] [stdout]    |
[INFO] [stdout]    = note: this error originates in a macro (in Nightly builds, run with -Z macro-backtrace for more info)
[INFO] [stdout] 
[INFO] [stdout] 
[INFO] [stdout] error: $GIT_SERVICE_CLONE_PATH not found
[INFO] [stdout]   --> src/main.rs:21:22
[INFO] [stdout]    |
[INFO] [stdout] 21 |       let clone_path = env!(
[INFO] [stdout]    |  ______________________^
[INFO] [stdout] 22 | |         "GIT_SERVICE_CLONE_PATH",
[INFO] [stdout] 23 | |         "$GIT_SERVICE_CLONE_PATH not found"
[INFO] [stdout] 24 | |     );
[INFO] [stdout]    | |_____^
[INFO] [stdout]    |
[INFO] [stdout]    = note: this error originates in a macro (in Nightly builds, run with -Z macro-backtrace for more info)
[INFO] [stdout] 
[INFO] [stdout] 
[INFO] [stdout] error: $GIT_SERVICE_PORT not found
[INFO] [stdout]   --> src/main.rs:25:16
[INFO] [stdout]    |
[INFO] [stdout] 25 |     let port = env!("GIT_SERVICE_PORT", "$GIT_SERVICE_PORT not found");
[INFO] [stdout]    |                ^^^^^^^^^^^^^^^^^^^^^^^^^^^^^^^^^^^^^^^^^^^^^^^^^^^^^^^
[INFO] [stdout]    |
[INFO] [stdout]    = note: this error originates in a macro (in Nightly builds, run with -Z macro-backtrace for more info)
[INFO] [stdout] 
[INFO] [stdout] 
[INFO] [stdout] error: $GIT_SERVICE_REPO_URL not found
[INFO] [stdout]   --> src/main.rs:20:15
[INFO] [stdout]    |
[INFO] [stdout] 20 |     let url = env!("GIT_SERVICE_REPO_URL", "$GIT_SERVICE_REPO_URL not found");
[INFO] [stdout]    |               ^^^^^^^^^^^^^^^^^^^^^^^^^^^^^^^^^^^^^^^^^^^^^^^^^^^^^^^^^^^^^^^
[INFO] [stdout]    |
[INFO] [stdout]    = note: this error originates in a macro (in Nightly builds, run with -Z macro-backtrace for more info)
[INFO] [stdout] 
[INFO] [stdout] 
[INFO] [stdout] error: $GIT_SERVICE_CLONE_PATH not found
[INFO] [stdout]   --> src/main.rs:21:22
[INFO] [stdout]    |
[INFO] [stdout] 21 |       let clone_path = env!(
[INFO] [stdout]    |  ______________________^
[INFO] [stdout] 22 | |         "GIT_SERVICE_CLONE_PATH",
[INFO] [stdout] 23 | |         "$GIT_SERVICE_CLONE_PATH not found"
[INFO] [stdout] 24 | |     );
[INFO] [stdout]    | |_____^
[INFO] [stdout]    |
[INFO] [stdout]    = note: this error originates in a macro (in Nightly builds, run with -Z macro-backtrace for more info)
[INFO] [stdout] 
[INFO] [stdout] 
[INFO] [stdout] error: $GIT_SERVICE_PORT not found
[INFO] [stdout]   --> src/main.rs:25:16
[INFO] [stdout]    |
[INFO] [stdout] 25 |     let port = env!("GIT_SERVICE_PORT", "$GIT_SERVICE_PORT not found");
[INFO] [stdout]    |                ^^^^^^^^^^^^^^^^^^^^^^^^^^^^^^^^^^^^^^^^^^^^^^^^^^^^^^^
[INFO] [stdout]    |
[INFO] [stdout]    = note: this error originates in a macro (in Nightly builds, run with -Z macro-backtrace for more info)
[INFO] [stdout] 
[INFO] [stdout] 
[INFO] [stdout] error[E0277]: the size for values of type `str` cannot be known at compilation time
[INFO] [stdout]    --> src/main.rs:29:5
[INFO] [stdout]     |
[INFO] [stdout] 29  |     info!("  clone_path = {}", clone_path);
[INFO] [stdout]     |     ^^^^^^^^^^^^^^^^^^^^^^^^^^^^^^^^^^^^^^^ doesn't have a size known at compile-time
[INFO] [stdout]     |
[INFO] [stdout]     = help: the trait `Sized` is not implemented for `str`
[INFO] [stdout]     = note: this error originates in a macro (in Nightly builds, run with -Z macro-backtrace for more info)
[INFO] [stdout] 
[INFO] [stdout] 
[INFO] [stdout] error[E0277]: the size for values of type `str` cannot be known at compilation time
[INFO] [stdout]    --> src/main.rs:28:5
[INFO] [stdout]     |
[INFO] [stdout] 28  |     info!("  url = {}", url);
[INFO] [stdout]     |     ^^^^^^^^^^^^^^^^^^^^^^^^^ doesn't have a size known at compile-time
[INFO] [stdout]     |
[INFO] [stdout]     = help: the trait `Sized` is not implemented for `str`
[INFO] [stdout]     = note: this error originates in a macro (in Nightly builds, run with -Z macro-backtrace for more info)
[INFO] [stdout] 
[INFO] [stdout] 
[INFO] [stdout] error: aborting due to 5 previous errors
[INFO] [stdout] 
[INFO] [stdout] 
[INFO] [stdout] For more information about this error, try `rustc --explain E0277`.
[INFO] [stdout] 
[INFO] [stderr] error: could not compile `git-service`.
[INFO] [stderr] 
[INFO] [stderr] To learn more, run the command again with --verbose.
[INFO] [stderr] warning: build failed, waiting for other jobs to finish...
[INFO] [stdout] error[E0277]: the size for values of type `str` cannot be known at compilation time
[INFO] [stdout]    --> src/main.rs:29:5
[INFO] [stdout]     |
[INFO] [stdout] 29  |     info!("  clone_path = {}", clone_path);
[INFO] [stdout]     |     ^^^^^^^^^^^^^^^^^^^^^^^^^^^^^^^^^^^^^^^ doesn't have a size known at compile-time
[INFO] [stdout]     |
[INFO] [stdout]     = help: the trait `Sized` is not implemented for `str`
[INFO] [stdout]     = note: this error originates in a macro (in Nightly builds, run with -Z macro-backtrace for more info)
[INFO] [stdout] 
[INFO] [stdout] 
[INFO] [stdout] error[E0277]: the size for values of type `str` cannot be known at compilation time
[INFO] [stdout]    --> src/main.rs:28:5
[INFO] [stdout]     |
[INFO] [stdout] 28  |     info!("  url = {}", url);
[INFO] [stdout]     |     ^^^^^^^^^^^^^^^^^^^^^^^^^ doesn't have a size known at compile-time
[INFO] [stdout]     |
[INFO] [stdout]     = help: the trait `Sized` is not implemented for `str`
[INFO] [stdout]     = note: this error originates in a macro (in Nightly builds, run with -Z macro-backtrace for more info)
[INFO] [stdout] 
[INFO] [stdout] 
[INFO] [stdout] error: aborting due to 5 previous errors
[INFO] [stdout] 
[INFO] [stdout] 
[INFO] [stdout] For more information about this error, try `rustc --explain E0277`.
[INFO] [stdout] 
[INFO] [stderr] error: build failed
[INFO] running `Command { std: "docker" "inspect" "ae5dd22afff914936bb304587d9585b79b415d6dd9fb7de4b6141b40c6281f46", kill_on_drop: false }`
[INFO] running `Command { std: "docker" "rm" "-f" "ae5dd22afff914936bb304587d9585b79b415d6dd9fb7de4b6141b40c6281f46", kill_on_drop: false }`
[INFO] [stdout] ae5dd22afff914936bb304587d9585b79b415d6dd9fb7de4b6141b40c6281f46
